en l is divided by j(r)?
8
Suppose 0 = -l - d + 32, 3*l - 128 = -l - 2*d. Let o(f) = -f**3 + 9*f**2 - 7. Let z be o(9). Calculate the remainder when (-3488)/(-28) - 3/z is divided by l.
29
What is the remainder when (-32)/(-8) - (-3*49 - -1) is divided by 70?
10
Suppose -195 = 12*j - 17*j. Let f = j - 18. What is the remainder when 61 is divided by f?
19
Suppose -12*f + 8*f = -3*u - 27, -2*f = 4*u + 14. Suppose -f*d = -5*d + 38. Calculate the remainder when d is divided by 6.
1
Suppose -3*t - 5*g = 27, -t + g - 1 + 0 = 0. What is the remainder when (-6315)/(-135) + t/(-18) is divided by 13?
8
Let r(g) = g**3 + 9*g**2 + 7*g + 7. Let t be r(-8). Suppose -t = -u + 10. What is the remainder when u is divided by 9?
7
Suppose s + 4 = 0, 0*s - 3*s = 5*r + 27. Calculate the remainder when 33/2*(-12)/(-18) is divided by (r + 76/16)*4.
4
Let x be (-249)/27 + (-2)/(-9). Let k be -66*(0 - (-6)/x). What is the remainder when (-2)/((24/k)/(-3)) is divided by 6?
5
Suppose 3*y + 3*k - 449 + 44 = 0, -5*y - 3*k = -685. Calculate the remainder when y is divided by 11.
8
Let s(v) = 2*v**2 - 43*v - 5. Suppose -3*q + 5*f = -q - 26, -4*f = -16. Calculate the remainder when s(q) is divided by 13.
12
Suppose -3*w - 3 = 0, 3*s + 4*w = 23 + 21. Calculate the remainder when 27 is divided by s.
11
Suppose -198*u = -199*u + 2. Let y(h) = 6*h + 4. Let r be y(3). Suppose -u*q + r = -72. Calculate the remainder when q is divided by 10.
7
Let b = -6 + -1. Let x = 10 + b. Let w = 30 - x. What is the remainder when w is divided by 14?
13
Let d(l) = -l**3 + 16*l**2 - 37*l - 10. Let r(b) = 53*b**2 - 3*b - 2. What is the remainder when r(-1) is divided by d(13)?
6
Suppose 4*y + 1 - 5 = 0. Let s be (y/(-3))/((-8)/192). Suppose -3*x + s = -w + 3, -5*w - x = -7. What is the remainder when w is divided by 1?
0
Suppose -5 = 4*m - 5*t - 41, -5*m + 45 = -4*t. What is the remainder when -3 + (8 - 9) + 28 is divided by m?
6
Let a(j) = -13*j**3 - 2*j**2 - 5*j - 9. What is the remainder when a(-2) is divided by 20?
17
Suppose -o + 7*o = 636. Calculate the remainder when o is divided by 11.
7
Calculate the remainder when 5 - -41 - 4/1 is divided by 37.
5
Let y = -13 - -23. Let h = y - -4. What is the remainder when 55 is divided by h?
13
Suppose 3*j = j - 3*o + 22, -5*o - 20 = 0. Let m = -11 + j. Let q = 5 - -4. Calculate the remainder when q is divided by m.
3
Let z(i) = i**2 + 71*i + 62. What is the remainder when 182 is divided by z(-71)?
58
Suppose 2*k = 5*k - 24. Suppose 4*f = 2*x - f - 28, 2*f = x - 15. What is the remainder when x is divided by k?
3
Let b(d) = 0*d + 2 + d - 7*d**2 + 7*d**2 - 2*d**3 - d**2. Suppose 2*p = -4*z - 0 + 8, 0 = -5*z + 15. What is the remainder when b(p) is divided by 3?
0
Let a(t) = -2*t + 47. Calculate the remainder when 49 is divided by a(7).
16
Let p = -2502 - -2520. What is the remainder when 3003 is divided by p?
15
Let c(f) be the second derivative of -f**3/2 + 3*f**2/2 + 17*f. Calculate the remainder when 58 is divided by c(-3).
10
Suppose 25 = 5*l - 20. Let k be (-4)/(-6)*(69 - 0). Suppose 0 = m - k + l. Calculate the remainder when m is divided by 13.
11
Let p = 528 + -398. Calculate the remainder when p is divided by 33.
31
Let f = 15 - 11. Suppose -135 = -4*h - h + 5*i, -f*i + 148 = 4*h. Let w = h + -16. What is the remainder when 63 is divided by w?
15
Suppose k + 2*k = 54. Let f(q) = k*q**2 + 5*q - 5*q. Calculate the remainder when f(-1) is divided by 5.
3
Let q = -6 - -12. Suppose 4 + 17 = z. What is the remainder when z is divided by 1/q + 141/18?
5
Let z be ((-68)/20)/((-4)/20). Suppose q + 2 - z = 0. What is the remainder when 43 is divided by q?
13
Suppose 0 = 4*r - 9*r + 75. Suppose 14*i - r*i = -34. Calculate the remainder when i is divided by 5.
4
Let y be 4/3 + (-3)/9. What is the remainder when 46 is divided by -2*6/(-1)*y?
10
Suppose -6*f + 12 = -36. Suppose 3*v = -4*d + 31, 0 = -0*v - 3*v + 5*d - 5. Let a = v + f. Calculate the remainder when a is divided by 4.
1
Let j = -114 - -163. Let y = -37 + j. Suppose m + 2*r = 5 + 14, -3*r = -3*m + 75. What is the remainder when m is divided by y?
11
Suppose -2*g + 0*g = 0. Let y be 0 + g + (2 - -1). Suppose -3*d - 4 = -s, -4*s - y*d + 116 = 40. What is the remainder when s is divided by 6?
4
What is the remainder when 39 is divided by 7*(-3)/(-6*5/20)?
11
Let w = -302 - -305. Calculate the remainder when 12 is divided by w.
0
Let q = -529 + 621. Calculate the remainder when 290 is divided by q.
14
Let t = 11 - 10. Let h(b) = -b + 2*b**2 + 5*b + b - 3*b - t. Calculate the remainder when 6 is divided by h(1).
0
Suppose 2*q = n + 7*q + 23, -5*n - 187 = q. Let k = n - -80. Calculate the remainder when 208 is divided by k.
40
Suppose 2*g - 3*c - 95 = 0, -g - 141 = -4*g + 5*c. Let p = 6038 + -6032. Calculate the remainder when g is divided by p.
4
Let z be (-18)/(-135) + 152/(-15). Let i(b) = -5*b - 10. Calculate the remainder when i(z) is divided by 21.
19
Suppose -2*i - i + 12 = 0, -3*v - 4*i + 46 = 0. Suppose 0 = 3*o - 8*o + 25. Calculate the remainder when v is divided by o.
0
Let w = 108 - 6. Calculate the remainder when w is divided by 40.
22
Suppose 34*v - 13*v + 11 = 116. Suppose -6*w + 4*w + 29 = 3*b, 35 = 4*b - w. Calculate the remainder when b is divided by v.
4
Suppose -4*j = -26 - 14. Suppose -5*y - 5*z + 35 = -j*z, 0 = -y + 5*z - 9. Calculate the remainder when (-172)/(-4) + 1*-1 is divided by y.
9
Let y = 1244 - 1243. What is the remainder when y is divided by 1?
0
What is the remainder when 251 is divided by (-102)/4*(-18)/(-135)*-5?
13
Suppose 0 = 8*b + 57 - 177. What is the remainder when 45 is divided by (-160)/(-15)*b/10?
13
Let m = -220 + 235. Calculate the remainder when 52 is divided by m.
7
Let v = -1743 - -1804. What is the remainder when 102 is divided by v?
41
What is the remainder when (-7 - 1161/(-15)) + 6/(-15) is divided by 23?
1
Let w = -3663 - -6860. What is the remainder when w is divided by 78?
77
Let d = -5 + 8. Let l(t) = t**2 + 5*t - 2. What is the remainder when 2/(d - -5) - (-166)/8 is divided by l(-7)?
9
Let m(v) = 3*v**2 + v + 6. Let g = 41 - 46. What is the remainder when m(g) is divided by 11?
10
Suppose -2*f + 7*f + r - 82 = 0, -3*r - 26 = -f. What is the remainder when 101 is divided by f?
16
Suppose -4*h - f + 4 = 0, f - 11 + 7 = 3*h. Suppose 5*m - 2*t = -h*t + 40, -5*t = 2*m + 13. Calculate the remainder when m is divided by 3.
0
Let o(q) = q**2 + q - 1. Calculate the remainder when 9 is divided by o(2).
4
Suppose -q = 1, q = 2*x + 5*q. Suppose 0 = -2*c - 8*a + 5*a + 25, -c + x*a = -2. Calculate the remainder when 14 is divided by c.
6
Suppose 23*n + 2*v = 24*n - 17, -n - v = -2. What is the remainder when 71 is divided by n?
1
Let h(n) = n**2 + 6*n - 8. Let y = 85 + -93. What is the remainder when 30 is divided by h(y)?
6
Suppose w + 136 = 4*g - 3*w, 0 = 3*g + 2*w - 82. Suppose -2*m - 4*y + 80 - g = 0, 5*m - 139 = -3*y. Calculate the remainder when m is divided by 16.
13
Suppose -o - 4*l + 68 = 2*o, -5*o + 4*l + 92 = 0. Let p(i) = -6*i**3 + i**2 - i. Calculate the remainder when p(-2) is divided by o.
14
Let z = -996 + 1107. What is the remainder when 334 is divided by z?
1
Suppose 5*w + 7 = 37. Calculate the remainder when (-154)/4*72/(-126) is divided by w.
4
Suppose 257*z = 235*z + 440. What is the remainder when 218 is divided by z?
18
Let o(f) = f**3 + 27*f**2 - 33*f - 137. What is the remainder when 27 is divided by o(-28)?
0
Suppose -r - l = -45, -4*l = -0*r - 3*r + 128. Suppose -s + 11 + 4 = 0. Calculate the remainder when r is divided by s.
14
Suppose -33*h = 4*h - 185. What is the remainder when 18 is divided by h?
3
Let h(c) = -13*c + 5. Let q be h(7). Calculate the remainder when 5/2 + -2 + q/(-4) is divided by 7.
1
Suppose 93*m - 54*m = 49*m - 780. Calculate the remainder when m is divided by 2/(-7) + 114/7.
14
Calculate the remainder when 96 is divided by -3 + (6 - 9 - (1 - 34)).
15
Let r be (177*1)/(33/11). Suppose 5*d + r = 374. What is the remainder when d is divided by 13?
11
Suppose b = u - b - 15, 0 = 3*b. What is the remainder when 95 is divided by u/2*(-272)/(-85)?
23
Suppose -5*h + 116 = -4*t - 423, -3*h + 325 = -2*t. What is the remainder when h is divided by 57?
54
Suppose 0 = -5*b - r + 89, -7*b - 3*r - 75 = -11*b. Let m